14*k + 18. Let i be (3/1*-1)/(1/(-2)). What is the hundreds digit of m(i)?
1
Suppose -3*z - 2*b + 4*b = -69, 4*b = -z + 37. Suppose 33 = 2*c - z. What is the tens digit of c?
2
Let u(f) = f**3 + 6*f**2 + 2*f + 14. Suppose -7 = 5*x + 18. What is the units digit of u(x)?
9
Let x(p) = 145*p**2 - 9*p - 16. What is the tens digit of x(-2)?
8
What is the hundreds digit of (-1)/4 - -4*6865/80?
3
Suppose -5*y + 3*t - 4*t - 22 = 0, -4*y - 6 = -5*t. Let g = y + 91. What is the units digit of g?
7
Suppose -21 = 5*d - 4*d. Let m = d + 24. Suppose 6*g = g + 15, 5*g - 141 = -m*y. What is the units digit of y?
2
Suppose 0 = -m + 12 - 9. Let x(h) = h**3 - 3*h**2 - 2*h + 4. Let r be x(m). What is the tens digit of ((-405)/(-6))/(-5)*r?
2
Let h(w) = -106*w + 8. Let y be h(6). What is the hundreds digit of y/(-3) - 5*1/15?
2
Let i be (1/(-2))/(22/4 - 5). Let k = -8 + 17. What is the units digit of 1/(i/k*-3)?
3
Let x(m) = 3*m**2 - m + 16. Let n be x(4). Suppose 0 = -j - 0*j + 3*b + 17, -4*b - n = -4*j. What is the tens digit of j?
1
Let f = -14 + 24. Let z be (-2)/3 + 2068/132. Let o = z + f. What is the tens digit of o?
2
Let u(y) = 15*y**2 - 5*y - 27. What is the hundreds digit of u(-7)?
7
Let a(s) = 7*s**2 + 804. What is the units digit of a(0)?
4
Let h = -41 - -299. What is the units digit of (h/(-30))/(1/(-5))?
3
Let l = 48 - -147. What is the tens digit of l?
9
Let a(k) = -20*k. Let w be a(5). Let n = w + 147. What is the units digit of n?
7
Let x(g) = 2*g - 3. Let v be x(-3). Let c be (-791)/(-21) + 6/v. Let j = 84 - c. What is the units digit of j?
7
What is the thousands digit of 5 + 28/(-8) + (-19647)/(-18)?
1
Let q(z) = 21*z**2 - 22*z - 75. What is the units digit of q(11)?
4
What is the tens digit of 54/((72/(-150))/(-6))?
7
Let i be (12 - 2)*(-24)/(-15). Let y be i/10*5/2. Suppose 0*b = -4*j + y*b + 32, -3*j + 4*b + 21 = 0. What is the tens digit of j?
1
Suppose 7*u + 894 - 3694 = 0. What is the units digit of u?
0
Let p = -31 - -37. What is the units digit of 3*2/p - (-60 - 1)?
2
Let y(d) = 2*d - 1. Let w be y(3). Suppose 3*h - 5*j = -w + 20, -2*h - 5*j + 10 = 0. What is the tens digit of (-9)/(h/3 - 2)?
2
Let v be ((-3)/(-4))/((-51)/(-24) - 2). What is the tens digit of (210/36 - 6) + 613/v?
0
Let i(y) = -34 + 24*y + 15 - 12. What is the hundreds digit of i(6)?
1
Let y = -48 + 73. Suppose -5*b + 0*b = -y. Suppose b*t = -4*w + 81, 0 = 4*t + 2*w - 47 - 13. What is the tens digit of t?
1
Suppose v + 8*w = 6*w + 166, 0 = 2*v + w - 320. What is the tens digit of v?
5
Suppose 5*h - 937 = -3*m + 6*h, -4*h = -8. What is the units digit of m?
3
Let p(w) = w - 21. Let c be p(8). Let q = c - -65. What is the units digit of q?
2
Let k = 247 + -122. Suppose 2*v + 3*v = k. Let p = v - 1. What is the units digit of p?
4
Let i = 1886 + 963. What is the units digit of i?
9
Suppose -1327 = -3*q + 2*o - 0*o, 3*q - 1351 = -4*o. What is the hundreds digit of q?
4
Let o be 2*(-2 + -46)/(-4). What is the tens digit of 14/8*(0 + o)?
4
What is the tens digit of 792 + (-2)/(-8 - -6)?
9
Let l be (-168)/(-9)*(4 - 1). Let i = -6 + 6. Suppose i = y - 0*y - l. What is the units digit of y?
6
Suppose -42 = 18*q - 11*q. What is the units digit of (-9)/(q/(-2)) + 253?
0
What is the thousands digit of (5958/(-30))/(7/(-70))?
1
Let f(n) = -n**2 - 6*n + 95. Let k be f(7). Let j = -113 + 213. Suppose k*q = -c + 64, j = 2*c - 3*q - 39. What is the tens digit of c?
6
Let w(i) = 149*i + 9. What is the hundreds digit of w(4)?
6
Let k be (2 - 146/4)/((-6)/60). Suppose i - 157 = -4*y, 2*i - k + 43 = -5*y. What is the tens digit of i?
4
Let k = 388 - 343. What is the units digit of k?
5
Let d(m) = 3*m - 82. Let a(j) = 1. Let h(t) = -5*a(t) - d(t). What is the units digit of h(-24)?
9
Let b be (28/(-8) - -5)/(3/1418). Suppose 4*c = -12, 5*t - 3*c = -0*t + b. What is the tens digit of t?
4
Let w = -1079 + 1980. What is the units digit of w?
1
Let i(a) = -39*a + 76. What is the tens digit of i(-3)?
9
Let j(w) = 26*w**2 + 4*w - 12. What is the tens digit of j(2)?
0
Suppose -2*i - 1330 = 3*i. Let b = i + 404. Suppose 33 = -5*h + b. What is the tens digit of h?
2
Let w = 51 + 18. Let n = w + -37. Suppose p = -p + n. What is the tens digit of p?
1
Let i(d) = 11*d - 17. Let s = 18 + -11. Let v be i(s). Suppose 15 = -5*x + v. What is the units digit of x?
9
Let t(m) = -6*m - 4. Let b be t(6). Let w be (-9)/(-12) - 5/(-20) - -70. Let d = w + b. What is the tens digit of d?
3
Suppose -7 = 2*f + 3, 5*f = -3*w - 22. What is the units digit of w*4/(-12) - 50/(-6)?
8
Let h(q) = -19*q + 34. Let p be 4 - (-1)/(3/(-42)). What is the units digit of h(p)?
4
Suppose 5*c + 4*n = 19381, c = -3*c + n + 15488. What is the thousands digit of c?
3
Let o be (-14)/(-7) - (-34)/(-1). Let m = o + 78. Let z = m - 24. What is the units digit of z?
2
Suppose 33*p = 24*p + 9. What is the units digit of (166/(-8) - 0)/(p/(-8))?
6
Let t be 1758/(-21) + -2*(-4)/(-28). Let m = 19 - t. What is the units digit of m?
3
Let c(h) = -2 + 4 + 1 - 2 + 13*h. Let o(z) = -25*z - 2. Let t(p) = -11*c(p) - 6*o(p). What is the units digit of t(1)?
8
Let d(w) = w**3 - 7*w**2 + 3*w - 9. Let f be d(7). Let n(i) = -i + 6. Let v be n(8). Let o = v + f. What is the units digit of o?
0
Let u(x) = x**2 + x + 11. Suppose 0 = -3*s + 15, 2*p - 2*s = -5*s + 1. Let n(m) = -2*m**2 - 12*m + 8. Let c be n(p). What is the units digit of u(c)?
1
Let c(w) = -24*w + 736. What is the units digit of c(13)?
4
Let s(x) = -8*x + 58. Let h(t) = t**3 - 4*t**2 - 13*t + 32. Let g be h(5). What is the units digit of s(g)?
2
What is the units digit of 262/(-1)*(-14)/28*11?
1
Let w(v) = -16*v**3 + 12*v**2 + 44*v - 1. What is the units digit of w(-4)?
9
Suppose -15*n = -13*n - 4. Suppose -2*y - y = d - 115, n*y = 0. What is the units digit of d?
5
Let x = 378 - 9. What is the hundreds digit of x?
3
Let k be (-6 + 9)/(3/1). What is the hundreds digit of (-1*k)/(5092/(-848) + 6)?
2
Let f = 5 - 5. Let y be f/(4 - 10/2). Suppose w + 4*w = -4*k + 40, y = -4*k - w + 24. What is the units digit of k?
5
Suppose 22*n = 24*n - 134. Suppose -f = n - 311. What is the units digit of f?
4
Let q = 3221 - 2201. What is the units digit of q?
0
Suppose 8847 = 9*m - 10179. What is the tens digit of m?
1
Suppose 7*y - 2*g = 2*y + 3445, -4*y + 2759 = -g. What is the tens digit of y?
9
Suppose -65*i - d = -69*i + 16017, 0 = -2*i - 4*d + 7986. What is the hundreds digit of i?
0
Let w = 169 + 206. What is the tens digit of w?
7
Let l be 9/3 + -1*80. Let n = l + 34. Let o = -20 - n. What is the units digit of o?
3
Let g = 2939 + -2395. What is the hundreds digit of g?
5
Let k = 1 - -1. Suppose k*v = -2*v + 92. Suppose -v = -i + d, -i + 37 = i + d. What is the units digit of i?
0
Let x(r) = -r**3 + 13*r**2 + r - 11. Let t be x(13). Suppose 3*l + t*v - v - 78 = 0, -l + 26 = -2*v. What is the tens digit of l?
2
Suppose -2*r = -7*r + 20. Suppose -m - r = -3*m. Suppose 0*q + 18 = m*q. What is the units digit of q?
9
Let m = 40 - 36. What is the tens digit of -2 + m - 31/(-1)?
3
Suppose -2*y = -145 + 49. Suppose 5*k + v - 135 = 0, -3*v = -2*k + 2*v + 54. Let n = y - k. What is the tens digit of n?
2
Suppose -3*k - 4*i = 2, -2*k + 3*k - 31 = 5*i. Let v = -9 + k. What is the tens digit of (-2 + v)*1*-4?
2
Let s(b) be the first derivative of 5 - 2*b**2 + 1/3*b**3 + 3*b + 1/4*b**4. What is the units digit of s(2)?
7
Let w be (3 + -2)*(-1 - -4). Suppose 2*p + 122 = 4*g, 0 = -p - w*p - 12. What is the tens digit of -3 + (1 + 0)*g?
2
Suppose -z = -h + 20, 4*z - 77 - 11 = -3*h. Let x be (1*h)/4 - 3. Suppose -13 - x = -2*y. What is the units digit of y?
8
Let p be ((-15)/(-20))/((-1)/20). What is the units digit of ((-292)/12)/(5/p)?
3
Let s be 24 + -24 - (-3)/(1 - 0). Suppose 162 = 3*r - s*b - 234, 0 = -3*b + 3. What is the units digit of r?
3
Let i(p) = -3*p**2 - 40*p + 33. What is the units digit of i(-14)?
5
Suppose -1457 = -2*w + 5*b, -6*w + 1497 = -4*w + 3*b. What is the tens digit of w?
4
Suppose o = 5*a - 33, 5*a + 3*o = 21 + 20. What is the units digit of -5 - -5 - (2 - (a + -1))?
4
Let f(l) = -3*l - 6. Let h be f(8). What is the units digit of 2*-2 - (h - -3)?
3
Let c(o) = 3*o**3 - 9*o**2 + 4*o + 8. Let d be c(7). Suppose -7*f - d = -13*f. What is the hundreds digit of f?
1
Let m(z) = 2*z**3 + 72*z**2